) is divided by -100*(-3 + i/16).
23
Calculate the remainder when ((-58)/24*-3)/(16/192) is divided by 24.
15
Suppose -13*b - 4*b = -1071. Let s = b - -38. Calculate the remainder when s is divided by 21.
17
Let m(d) be the first derivative of 14*d**3/3 - d**2/2 - d + 6. Calculate the remainder when 46 is divided by m(1).
10
Let d = 19 + -16. Suppose 5*f - 2*f = -d. What is the remainder when 17 is divided by -18*(f/(-1))/(-2)?
8
Suppose 5*g + 3*h = 101, 0 = 2*g - 41*h + 42*h - 41. Suppose 3*b = 7*b. Suppose b = -3*a - 82 + 337. Calculate the remainder when a is divided by g.
19
Calculate the remainder when 219 is divided by 9/6 + 290/4.
71
Let g = 22648 - 22628. Suppose -2*m + m + 34 = 3*a, -4*a - 5*m + 49 = 0. Calculate the remainder when g is divided by a.
9
Let a(y) = y**3 - 41*y**2 + 39*y + 125. Calculate the remainder when a(40) is divided by 13.
7
Suppose -3*b - 66 = 69. What is the remainder when 154/10 + 18/b is divided by 9?
6
Suppose -22*t = -39*t + 935. What is the remainder when 94 is divided by t?
39
Suppose -23*x + 168 = -16*x. Calculate the remainder when x is divided by 14.
10
Suppose 15*q + 2050 = 65*q. Suppose 2*j + 36 = 4*u - 0*j, 0 = -2*u + 2*j + 22. What is the remainder when q is divided by u?
6
Let v(n) = -29*n + 211. Suppose 0 = z - 12 - 1. Calculate the remainder when v(6) is divided by z.
11
Let x = -4 - -2. What is the remainder when (9 - 3)/(-2) + x + 127 is divided by 25?
22
Let p(d) = -d**2 - 56*d - 279. What is the remainder when p(-40) is divided by 123?
115
Let i(o) = -4*o - 21. Let v(n) = 8*n + 43. Let h = -36 - -29. Let r(z) = h*i(z) - 4*v(z). What is the remainder when r(-10) is divided by 4?
3
Let l be 4 - 1/((-3)/(-3)). Suppose 3*v = 3*h, -5*v + h = -l*h - 4. Let a = -16 - -31. Calculate the remainder when a is divided by v.
3
Suppose -4*h = x - 29, 4*h - 26 = 8*x - 6*x. Suppose t = 2*b + 2*b - 98, 4*b - 3*t - 94 = 0. What is the remainder when b is divided by h?
4
Let d be (-3 - -5) + 0/(-2 - -4). Suppose -4*i = 3*m - 214, -5*m = 3*i - d*i - 62. Calculate the remainder when i is divided by 18.
16
Let c(i) = 5*i**3 - i**2 - 2. Suppose -5*f + 0 - 120 = -x, -4*f + 12 = 0. Calculate the remainder when x is divided by c(2).
33
Let b be (-2)/4*-1*6. Suppose 6*l - 162 = b*l. Suppose -41*r + 6*r + 385 = 0. What is the remainder when l is divided by r?
10
Suppose 59 + 13 = 2*m + 2*o, -3*o - 48 = -m. Calculate the remainder when m is divided by 186/18 - (-3)/(-9).
9
What is the remainder when 29 is divided by (-7 - 81/(-3)) + -6?
1
Suppose 14 = 2*d + 2*z, 2*d - 29 = 19*z - 16*z. What is the remainder when 44 is divided by d?
4
Suppose 6*d = 3*d + 12. Suppose 2*w - d = 8. Calculate the remainder when w is divided by 4.
2
Let w = 3239 - 2125. Calculate the remainder when w is divided by 31.
29
Let v(y) = -4*y + 80. What is the remainder when 490 is divided by v(17)?
10
Let o = -12 - -170. Let h = -108 + o. Calculate the remainder when h is divided by 21.
8
Let l(r) = -2*r**3 - 151*r**2 + 234*r + 242. Let c be 2/4 + 21/(-2). Calculate the remainder when (-208)/(-5) - 4/c is divided by l(-77).
9
Suppose 4*i - 5*y = 64, 3*i + 0*i - 3*y = 51. Let g = i - 20. Suppose 0 = -2*o - 3*q - g, 13 = 2*o + 2*o + q. What is the remainder when o is divided by 2?
0
What is the remainder when 180 is divided by (2 - (-56)/(-3))/((-3)/9)?
30
Let g be 2 - (0 - -1) - 0. Suppose -4*z + 7 = -g. Suppose -16 = -s - z*r + 38, 2*r = -4*s + 210. What is the remainder when s is divided by 18?
16
Let h = 21 - -14. Suppose 0 = u + 7 - 17. Calculate the remainder when h is divided by u.
5
Let x(n) = n**3 - 32*n**2 + 3*n - 76. Calculate the remainder when x(32) is divided by 3.
2
Let d(h) = -3*h + 2. Suppose -p = -2*p + 4. Suppose -p*s = -a + 2, -5 = 4*a + 5*s + 8. What is the remainder when 23 is divided by d(a)?
7
Let h = 6 + -6. Suppose h = v + 2*v - 3*p - 54, 0 = -3*v - 5*p + 62. Calculate the remainder when 113 is divided by v.
18
Suppose -4*f = -5*b + 7, -3*b = -7*b + 12. Suppose f*m - 2*y - 48 = -3*y, y = -m + 23. What is the remainder when 49 is divided by m?
24
Suppose -11 - 1 = -4*x, 5*g = -x + 73. Suppose r - 2475 = -24*r. Suppose -572 = -110*w + r*w. What is the remainder when w is divided by g?
10
Suppose 0 = 4*r + 4*x - x - 37, 5*r - 3*x = 53. What is the remainder when r is divided by 18/36*36/3?
4
Let w(c) = 4*c**2 - 22*c + 12. Calculate the remainder when w(15) is divided by 31.
24
Let u(r) = r**2 + 2*r - 3. Let o(f) = 74*f - 245. Calculate the remainder when o(5) is divided by u(5).
29
Suppose -3 = 4*y - 7*y. Suppose 0*o + 2*m = -3*o + 46, -4*m + 44 = 3*o. Calculate the remainder when (4 + -35)*y*-1 is divided by o.
15
Suppose -2*a + 37 = 31. Calculate the remainder when 3 is divided by a.
0
Let v be (-1)/(-2) - (54/(-12) - 0). Calculate the remainder when (48 - -1)/(31/v + -6) is divided by 41.
40
Suppose 0 = 4*i, 8 = 4*o - 8*i + 4*i. Let v = o - -2. Suppose g + 12 = -3*q + 5*q, 5*q + 2*g = 30. What is the remainder when q is divided by v?
2
Let n(v) = -4*v - 74. Calculate the remainder when 49 is divided by n(-23).
13
Let s(m) = -m - 29. Let c be s(-29). Let j(u) = -u**3 + 2*u**2 - 3*u + 160. What is the remainder when j(c) is divided by 7?
6
Suppose n = -3*k + 16 + 28, k - 4*n - 19 = 0. What is the remainder when 674 is divided by k?
14
Suppose -54*y + 53*y + 19 = 0. Calculate the remainder when 35 is divided by y.
16
What is the remainder when 12/(1/4 + (-20)/(-48)) is divided by 5?
3
Suppose -3*n + k = -56, 9*n - 6*n = -4*k + 46. What is the remainder when 57 is divided by n?
3
Let k(u) = -u**2 + 14*u - 1. Let l be k(14). Let t = 22 + l. What is the remainder when 62 is divided by t?
20
Suppose -46*h + 1107 = 233. What is the remainder when 2087 is divided by h?
16
Let n(q) = -2*q**3 - 4*q**2 + 4*q + 14. Suppose 4*f + 19 - 7 = 0. What is the remainder when 75 is divided by n(f)?
15
Let h(t) = -5 + 2 - 2*t - t**2 - 3*t. Let c = 19 + -21. What is the remainder when h(c) is divided by 2?
1
Suppose 3*y - 807 = -0*y. Calculate the remainder when y is divided by (-3399)/(-77) + 1 - (-1)/(-7).
44
Let s = 191 + 19. Suppose 209*n = s*n - 51. Calculate the remainder when n is divided by 6.
3
Suppose 111 = 3*f - 2*n, -7*n = 2*f - 2*n - 93. Calculate the remainder when 387 is divided by f.
36
Let p be (5 + -2)*(2 - 1). Suppose a + 5*q - 108 = -3*a, -p*a = 2*q - 81. What is the remainder when a is divided by 2 + ((-12)/(-2) - 1)?
6
Let m = 49 + -38. What is the remainder when (-568)/(-7) + m/(-77) is divided by 14?
11
Let g be 228/(-8)*(-4)/(-6). Let t = g - -37. What is the remainder when 86 is divided by t?
14
Suppose -35 = 16*v - 195. Let i(a) = 2*a**2 - 46*a - 14. Calculate the remainder when i(24) is divided by v.
4
Let v = -270 - -302. What is the remainder when (1708/16)/7*4 is divided by v?
29
Let n(h) = -3*h + 74. Calculate the remainder when 2/8*10*10 is divided by n(20).
11
Let a(s) = -s + 3. Let m be a(-4). Let y = 72 - m. Calculate the remainder when y is divided by 34.
31
Suppose 4*q + 37 = 3*x, 0 = -4*x - 7*q + 4*q + 66. Suppose -3*s = 2*t - 18, 2*s + t = -6 + 18. Calculate the remainder when x is divided by s.
3
Suppose 67 = h - 59. Calculate the remainder when h is divided by 32.
30
Suppose 1393 + 4032 = 31*g. Calculate the remainder when g is divided by 22.
21
Suppose -7*v - 42*v + 6909 = 0. What is the remainder when v is divided by 16?
13
Suppose z - 1944 = -5*i, -54*z + 57*z - 12 = 0. Calculate the remainder when i is divided by 28.
24
Let g = 139 + -11. Suppose -3*i = 5*i - g. What is the remainder when 47 is divided by i?
15
Let u = -37 + 46. Calculate the remainder when 50 is divided by ((-34)/6)/(3*(-1)/u).
16
Let u(n) = 3*n**2 - 36*n + 53. Suppose 0 = 2*v + v - 3*s - 159, -2*s = 2*v - 86. Calculate the remainder when u(13) is divided by v.
44
Let v = -356 + 398. What is the remainder when v is divided by 15?
12
Let v(u) = -u**2 + 5*u - 4. Let k be v(4). Suppose k = 11*f - 186 - 1. What is the remainder when f is divided by 9?
8
Suppose -3*i = 3, 2*v - 3*i - 205 = 16. Let b = 34 - 24. Calculate the remainder when v is divided by b.
9
Let j(s) = -s**3 + 30*s**2 - 39*s - 54. Let k be j(28). Suppose 14*v - 1230 - k = 0. What is the remainder when v is divided by 40?
38
Calculate the remainder when ((-176)/24 + 8)